z + 35 = -41*z. What is n(z)?
-9
Suppose -l + 7 = -f, -f - 5*l - 55 = 4*f. Let b(a) = -10. Let z(u) = u + 21. Let t(j) = 5*b(j) + 3*z(j). Determine t(f).
-14
Let m(b) be the first derivative of b**3/3 - 6*b**2 - 14*b + 172. Determine m(13).
-1
Let z(y) = -2*y - 6. Let m(w) = -w**2 + 8*w - 7. Let t be m(2). Calculate z(t).
-16
Let z = -11 + 18. Let v(u) be the first derivative of u**4/4 - 7*u**3/3 + u - 85. Determine v(z).
1
Suppose 0 = -2*b + 3*b - 2. Let n(v) = v + 3*v**2 + 2 - 4*v**2 - b. Let l(d) = d**3 - 3*d**2 - 3*d - 2. Let o be l(4). What is n(o)?
-2
Let l = -31 + 37. Suppose l*c - 2*c - 16 = 0. Let z(m) = -m**2 + 4*m + 4. Give z(c).
4
Let u(r) be the third derivative of -r**4/24 - 7*r**3/6 + 97*r**2 - r. What is u(-6)?
-1
Let p(j) = j - 6. Let w(k) be the first derivative of -2*k + 1. Let f(g) = 3*p(g) - 8*w(g). Calculate f(4).
10
Suppose -1636*b + 40 = -1641*b. Let f(t) = t**2 + 10*t + 20. Calculate f(b).
4
Let p(h) = -h**3 - 3*h + 3. Let l(s) = -s**2 - 2*s + 82. Let t be l(8). Calculate p(t).
-11
Let s(k) = -k**2 + k + 1. Let g(l) = 5*l**2 - 6*l - 3. Let p be 29*2/(-4)*2. Let m = -30 - p. Let n(z) = m*g(z) - 6*s(z). Give n(3).
6
Let l(z) = -z**2 - z + 6. Let a be (-44)/(-506) + (-702)/138. Calculate l(a).
-14
Suppose 11 = 5*i - 14. Let j(w) = w**3 - 5*w**2 - w + 6. Let g be j(i). Let t(r) = -10*r + 1. Calculate t(g).
-9
Let f = -93 - -92. Let h be ((0 - -9) + -3)/f. Let s(d) = -d**3 - 4*d + 1 - 6*d**2 - d**2 + 0. Determine s(h).
-11
Let r(u) = -3*u - 26. Suppose 3*h = -16 - 20. Determine r(h).
10
Let l(d) = 20 - 4*d**2 + 5*d**2 + 9*d - 26. Determine l(-6).
-24
Let p(c) = -c**3 - 14*c**2 + 15*c - 1. Let a be p(-15). Let h(k) = -10*k**2 + k + 1. Calculate h(a).
-10
Suppose 0 = -14*w + 11*w - 9. Let a be -3 + (-1 + w)/(-2). Let u(v) = 2*v**2 - 2*v - 1. Give u(a).
3
Let y = -15 - -17. Let v(n) = -13*n + 2. Let b(w) = -6*w + 1. Let t(q) = 9*b(q) - 4*v(q). Calculate t(y).
-3
Let a(r) be the third derivative of r**5/30 + r**4/12 + 2*r**3/3 - 3*r**2. Let t(b) = -2*b**2 - 2*b - 5. Let x(s) = 4*a(s) + 3*t(s). What is x(-2)?
5
Suppose 0 = 4*x + 8, -2*x - 1 = 3*j - 9. Suppose -3*q - a + 5 = -0*a, j*a + 2 = -q. Let i(h) = 3 + h**2 + 0*h**2 + q*h - 10*h. Determine i(5).
-12
Let d(x) be the first derivative of 4*x + 2/3*x**3 + 3/2*x**2 - 1/4*x**4 + 2. What is d(4)?
-16
Suppose 0 = 4*j - 15 - 1. Suppose 3*v - 4 = 2*h + 3*h, 0 = j*v + 4*h - 16. Let y be 34/6 + v/9. Let l(k) = k**2 - 7*k + 9. Calculate l(y).
3
Let n(w) = -w**3 + 5*w**2 + 3*w + 6. Let m = -84 - -82. Let c be ((-8)/(-10))/(6/15). Let g be c/(m - 0) + 7. Give n(g).
-12
Let q be -1 + (-3)/((-6)/8). Let b(d) be the third derivative of d**6/120 - d**5/20 + d**4/24 - d**3/6 + 118*d**2. Determine b(q).
2
Suppose -10*z + z = 99. Let s(v) = v**3 + 11*v**2 + 2*v + 10. Determine s(z).
-12
Suppose 17*s + 8 - 8 = 0. Let a(p) = p**3 + p + 34. Give a(s).
34
Let d = -754 - -745. Let x(p) = -p**2 - 9*p + 11. Calculate x(d).
11
Let a(n) = -n**3 - 5*n**2 - 2*n + 3. Let o(w) = 52*w + 360. Let m be o(-7). Calculate a(m).
-5
Let d(t) = -2*t. Let i(s) = -s + 1. Let z(w) = -11*d(w) + 2*i(w). Give z(-1).
-18
Let q(p) = -5*p**3 + 32*p**2 + 26*p + 7. Let a(t) = 2*t**3 - 11*t**2 - 9*t - 2. Let l(o) = -8*a(o) - 3*q(o). Give l(-7).
-12
Let x(v) be the first derivative of v**2/2 - 2*v + 2. Suppose 4*q + 17 = n, -277*q = -280*q - n - 4. Give x(q).
-5
Suppose 0 = 2*q - 2, -8*g + 5 = -10*g - 5*q. Let o(n) = -n**2 - 4*n - 9. Calculate o(g).
-14
Let m(w) = -3*w + 37. Let x be m(13). Let b(u) = 4*u**3 + 2*u**2 - 2. Calculate b(x).
-26
Let j(t) = t**2 + 10*t + 10. Let h(q) = 107*q**2 - 2. Let y be h(1). Let u be (-4)/(-14) - 870/y. Calculate j(u).
-6
Suppose 0 = 3*y + 6 - 0. Let u = -8 + 9. Let z(n) = 3 + u - 6 + 2*n + 3 + n**2. What is z(y)?
1
Let j = -9 + 14. Let x(s) = s - 61 + 2 + 54. What is x(j)?
0
Let o(c) = -c - 21. Let p = 490 - 497. Calculate o(p).
-14
Let o(k) = k**3 + 11*k**2 + 11*k + 5. Let s = -72 + 62. Determine o(s).
-5
Let y(i) be the third derivative of -i**6/120 + 2*i**5/15 - 3*i**3/2 - 65*i**2. Give y(8).
-9
Let x(v) = -v**2 - 4*v + 1. Let a be x(-5). Let d be 1*-2*(-6)/4. Let l(n) = 4 - d*n - 4 - 3. Determine l(a).
9
Let s(i) = -i. Let n(c) = -c**3 + 4*c**2 - 3*c. Let x be n(4). Let v = -23 - x. Let l be 477/99 - 2/v. Calculate s(l).
-5
Let x(o) = -o - 2. Let i(t) = 2*t - 9. Let h be i(9). Let u(k) = k**3 - 9*k**2 + 3*k + 2. Let b be u(h). Let g = b - 25. Calculate x(g).
-6
Let g(i) = -2*i - 8. Suppose 3*f = -6*o + 8*o + 19, 6 = -3*o - 3*f. Give g(o).
2
Let f(q) be the second derivative of -q**6/120 - q**5/12 + q**4/8 - 5*q**3/6 - 7*q**2/2 + 12*q. Let o(z) be the first derivative of f(z). Give o(-6).
13
Let y(u) = -4*u - 2. Let x(i) = -3*i - 3. Let t(m) = 3*x(m) - 2*y(m). Determine t(0).
-5
Let h(z) = -3*z - 5. Let v be ((-28)/(-8)*1)/((-3)/(-18)). Suppose -v = 4*m + 5*j, -7*j + 2*j = -5*m - 15. Determine h(m).
7
Suppose -3*a + 3*v = -27, a - 4*a + 5*v = -31. Let n(r) = r**3 - 6*r**2 - 5*r + 10. Determine n(a).
24
Let b(p) be the third derivative of -p**5/60 + 7*p**4/24 - 13*p**3/6 + 2*p**2. Let t be b(6). Let s(f) = -2*f - 3. Determine s(t).
11
Let v(w) be the second derivative of -w**5/4 + w**4 - 5*w**3/6 + 3*w**2 - 30*w. Let r(n) = -n**3 + n**2 + n - 1. Let b(a) = -4*r(a) + v(a). Give b(7).
-4
Let g = 76 - 89. Let p(z) = -z**3 - 13*z**2. Calculate p(g).
0
Let i be 8 + -1 + (18 - 26). Let w(q) = 14*q + 1. Determine w(i).
-13
Let o(i) be the third derivative of -i**4/24 - 3*i**3/2 + 75*i**2. Give o(-5).
-4
Suppose 5*m = x - 2*x - 59, 4*m = 2*x - 36. Let j(z) = z**2 + 10*z - 16. Let d be j(m). Let c(q) = -3*q - 7. What is c(d)?
8
Let q(m) = 10*m**2 + 1. Let c(w) = -2*w + 30. Let b be c(17). Let o be 6/(-3)*(10/b)/5. Determine q(o).
11
Let g(t) = -5*t**3 + 7*t**2 - 54*t - 3. Let q(x) = 9*x**3 - 14*x**2 + 96*x + 5. Let r(h) = 7*g(h) + 4*q(h). Suppose -30 = -3*u - 2*u. What is r(u)?
-1
Let p(b) = -b**3 - 3*b**2 + 5*b + 2. Let l(f) = f - 13. Suppose 28 = -c - 4*w, 0*c - 3*w + 17 = -4*c. Let u be ((-10)/6)/(c/48). Let k be l(u). Give p(k).
-13
Let r(q) = 5*q - 6. Let p = 124 + -92. Suppose -7 = 2*o - 5*y, 5*o + 2*y = -2*y + p. Determine r(o).
14
Let n(v) = 5*v + 1. Let t be n(1). Let z(g) be the third derivative of -g**5/60 + g**4/3 - 128*g**2. Give z(t).
12
Let x(z) = -z**3 + 4*z**2 - 6*z. Let o(n) = n**2 - 24*n - 48. Let k be o(26). Give x(k).
-24
Suppose -5*b - 105 = 4*n, 3*n + 8*b = 4*b - 80. Let s = -12 - n. Let g(u) = u - 4. Let h be g(s). Let j(a) = a + 2. Calculate j(h).
6
Let a = 18 - 21. Let c = -3 - -5. Let r(f) = 3*f**2 + 2*f - 4. Let b(z) = -z**2 + z + 1. Let v(h) = c*b(h) + r(h). What is v(a)?
-5
Let p(s) be the first derivative of -s**4/4 - 16*s**3/3 + 3*s**2/2 + 3*s - 10. What is p(-16)?
-45
Let s(o) = o**3 - 4*o**2 + 2. Let f be (-112)/24 + (-2)/(-3). Let c(a) = 2*a**2 + 4*a - 4. Let r be c(f). Suppose 2*y = 5*y - r. Give s(y).
2
Let l(z) = 5*z**2 - 1. Let p be l(-1). Let d = 20 + -10. Suppose 0 = 4*u - 3*f + p, d = -5*u + 3*f + 2. Let j(y) = -y**3 - 3*y**2 + 7*y + 5. Determine j(u).
-7
Let q(f) = -2*f + 9. Let y be 2/(-3)*((-3)/1 - 6). What is q(y)?
-3
Suppose -13 = -4*u - 3*j, 10*j - 9*j = u - 5. Let v(x) = -x**2 + 9*x + 1. Give v(u).
21
Let i(v) = -v**2 + 2*v + 4. Let j be ((-4)/(-6))/(2/9). Suppose f - c + j = 12, 4*f + 3*c - 1 = 0. Let r be (-2 + f + 1)/1. Give i(r).
1
Let x be ((-24)/28)/(1 + 16/(-14)). Suppose -x*w + 21 = -33. Let c(j) = j**3 - 8*j**2 - 10*j + 9. Give c(w).
0
Let b(i) be the first derivative of -i**3/3 + i**2/2 - 20*i + 291. Suppose -2*z = 4*o - 2, 0*z = -3*o - 4*z + 4. Calculate b(o).
-20
Let g(d) = -7560*d**2 + 2523*d**2 + 2519*d**2 + 2520*d**2 - 1 - 19*d**3. What is g(1)?
-18
Let a(h) = 32*h - 23*h - 14*h + 3*h**2 + 2. Let j(v) = -v**2 - 4*v. Let b be j(-3). Calculate a(b).
14
Suppose -2*y + 10 = 4*f, 6*y - 37 = 3*y + 5*f. Suppose -3*x = y*a - 5*a - 6, -2*x + 2 = 2*a. Let h(b) = 4*b**2 + b - 2. Give h(x).
12
Suppose 2*f - 15 = 2*d - 55, -3*d = -f - 16. Let l be (6/(-12))/(1/f). Let j(w) = -w**3 + 11*w**2 + 1. Let k be j(l). Let t(a) = -9*a**2 + 1. Give t(k).
-8
Let x(w) be the third derivative of -w**8/1120 - w**6/360 - w**5/120 + w**4/24 - 5*w**2. Let c(a) be the second derivative of x(a). Give c(-1).
7
Let i(m) = -234*m + 55*m + 60*m + 57*m - 3 + 60*m. Let 